{"id":6042,"date":"2024-07-18T13:30:19","date_gmt":"2024-07-18T11:30:19","guid":{"rendered":"https:\/\/boisdebout53.org\/?page_id=6042"},"modified":"2024-07-18T13:33:00","modified_gmt":"2024-07-18T11:33:00","slug":"collecte-de-palettes","status":"publish","type":"page","link":"https:\/\/boisdebout53.org\/index.php\/collecte-de-palettes\/","title":{"rendered":"Collecte de palettes"},"content":{"rendered":"\n<div id=\"wp-block-themeisle-blocks-advanced-columns-726d7323\" class=\"wp-block-themeisle-blocks-advanced-columns alignfull has-2-columns has-desktop-oneTwo-layout has-tablet-equal-layout has-mobile-collapsedRows-layout has-vertical-unset animated fadeIn\"><div class=\"wp-block-themeisle-blocks-advanced-columns-overlay\"><\/div><div class=\"innerblocks-wrap\">\n<div id=\"wp-block-themeisle-blocks-advanced-column-4d1762b0\" class=\"wp-block-themeisle-blocks-advanced-column\"><\/div>\n\n\n\n<div id=\"wp-block-themeisle-blocks-advanced-column-d039e05e\" class=\"wp-block-themeisle-blocks-advanced-column\">\n<h2 class=\"wp-block-heading has-white-color has-text-color\">R\u00e9pondre \u00e0 vos besoins dans la gestion de vos d\u00e9chets palettes<\/h2>\n\n\n\n<p class=\"has-nv-site-bg-color has-text-color has-link-color wp-elements-ac8cb9b6c0aa27a43ee17809dbd12a32\">La gestion des d\u00e9chets est un enjeu dans la politique RSE des entreprises. L\u2019Association Bois Debout valorise vos d\u00e9chets palettes pour une seconde vie.<\/p>\n\n\n\n<p class=\"has-nv-site-bg-color has-text-color has-link-color wp-elements-5c3fc5089cbcde336a73cfd5fc196197\">Nous proposons un service de tri et de collecte de vos palettes usag\u00e9es au sein de votre entreprise.<\/p>\n\n\n\n<p class=\"has-nv-site-bg-color has-text-color has-link-color has-medium-font-size wp-elements-0552c8b5d583a46afd69e095e9b52950\">Nous pouvons r\u00e9pondre \u00e0 vos attentes dans des domaines aussi vari\u00e9s que :<\/p>\n\n\n\n<ul style=\"font-size:22px\" class=\"wp-block-list has-white-color has-text-color\">\n<li>Le d\u00e9montage de palettes \u00e0 dosseret<\/li>\n\n\n\n<li>Le d\u00e9montage de palettes grands formats<\/li>\n\n\n\n<li>La r\u00e9cup\u00e9ration de vos palettes inutiles<\/li>\n\n\n\n<li>La r\u00e9cup\u00e9ration de vos palettes cass\u00e9es ou hors standard<\/li>\n<\/ul>\n\n\n\n<p class=\"animated bounceInDown has-nv-site-bg-color has-text-color\">Avec notre v\u00e9hicule et notre \u00e9quipe de salari\u00e9s en parcours, nous vous proposons d\u2019\u00e9vacuer toutes vos palettes.<br>Pour cela, contactez-nous afin de d\u00e9clencher un enl\u00e8vement ou une prestation de service pour le d\u00e9montage.<\/p>\n\n\n\n<p class=\"animated bounceInDown has-nv-text-dark-bg-color has-text-color has-medium-font-size\">Au travers de votre d\u00e9marche, vous contribuerez ainsi \u00e0 :<\/p>\n\n\n\n<div id=\"wp-block-themeisle-blocks-advanced-columns-ad85d9b0\" class=\"wp-block-themeisle-blocks-advanced-columns has-1-columns has-desktop-equal-layout has-tablet-equal-layout has-mobile-equal-layout has-vertical-unset has-dark-bg\"><div class=\"wp-block-themeisle-blocks-advanced-columns-overlay\"><\/div><div class=\"innerblocks-wrap\">\n<div id=\"wp-block-themeisle-blocks-advanced-column-6b77b43c\" class=\"wp-block-themeisle-blocks-advanced-column\">\n<p id=\"wp-block-themeisle-blocks-advanced-heading-2f9de340\" class=\"wp-block-themeisle-blocks-advanced-heading wp-block-themeisle-blocks-advanced-heading-2f9de340\"><strong>  Maintenir l\u2019emploi local<br>R\u00e9duire le volume de nos d\u00e9chets produits<br>Soutenir l\u2019\u00e9conomie circulaire <br>Fabriquer des palettes ou du mobilier en bois recycl\u00e9<\/strong><\/p>\n<\/div>\n<\/div><\/div>\n\n\n\n<p><\/p>\n\n\n\n<p><a href=\"https:\/\/boisdebout53.org\/wp-content\/uploads\/2024\/07\/fiches-palettes.pdf\" target=\"_blank\" rel=\"noreferrer noopener\"><strong>T\u00e9l\u00e9chargez la fiche >>><\/strong><\/a><\/p>\n<\/div>\n<\/div><\/div>\n","protected":false},"excerpt":{"rendered":"","protected":false},"author":1,"featured_media":0,"parent":0,"menu_order":0,"comment_status":"closed","ping_status":"closed","template":"","meta":{"neve_meta_sidebar":"","neve_meta_container":"default","neve_meta_enable_content_width":"","neve_meta_content_width":0,"neve_meta_title_alignment":"","neve_meta_author_avatar":"","neve_post_elements_order":"","neve_meta_disable_header":"","neve_meta_disable_footer":"","neve_meta_disable_title":"","_themeisle_gutenberg_block_has_review":false,"footnotes":""},"class_list":["post-6042","page","type-page","status-publish","hentry"],"_links":{"self":[{"href":"https:\/\/boisdebout53.org\/index.php\/wp-json\/wp\/v2\/pages\/6042"}],"collection":[{"href":"https:\/\/boisdebout53.org\/index.php\/wp-json\/wp\/v2\/pages"}],"about":[{"href":"https:\/\/boisdebout53.org\/index.php\/wp-json\/wp\/v2\/types\/page"}],"author":[{"embeddable":true,"href":"https:\/\/boisdebout53.org\/index.php\/wp-json\/wp\/v2\/users\/1"}],"replies":[{"embeddable":true,"href":"https:\/\/boisdebout53.org\/index.php\/wp-json\/wp\/v2\/comments?post=6042"}],"version-history":[{"count":0,"href":"https:\/\/boisdebout53.org\/index.php\/wp-json\/wp\/v2\/pages\/6042\/revisions"}],"wp:attachment":[{"href":"https:\/\/boisdebout53.org\/index.php\/wp-json\/wp\/v2\/media?parent=6042"}],"curies":[{"name":"wp","href":"https:\/\/api.w.org\/{rel}","templated":true}]}}

<div id="wp-block-themeisle-blocks-advanced-columns-726d7323" class="wp-block-themeisle-blocks-advanced-columns alignfull has-2-columns has-desktop-oneTwo-layout has-tablet-equal-layout has-mobile-collapsedRows-layout has-vertical-unset animated fadeIn"><div class="wp-block-themeisle-blocks-advanced-columns-overlay"></div><div class="innerblocks-wrap">
<div id="wp-block-themeisle-blocks-advanced-column-4d1762b0" class="wp-block-themeisle-blocks-advanced-column"></div>



<div id="wp-block-themeisle-blocks-advanced-column-d039e05e" class="wp-block-themeisle-blocks-advanced-column">
<h2 class="wp-block-heading has-white-color has-text-color">Répondre à vos besoins dans la gestion de vos déchets palettes</h2>



<p class="has-nv-site-bg-color has-text-color has-link-color wp-elements-ac8cb9b6c0aa27a43ee17809dbd12a32">La gestion des déchets est un enjeu dans la politique RSE des entreprises. L’Association Bois Debout valorise vos déchets palettes pour une seconde vie.</p>



<p class="has-nv-site-bg-color has-text-color has-link-color wp-elements-5c3fc5089cbcde336a73cfd5fc196197">Nous proposons un service de tri et de collecte de vos palettes usagées au sein de votre entreprise.</p>



<p class="has-nv-site-bg-color has-text-color has-link-color has-medium-font-size wp-elements-0552c8b5d583a46afd69e095e9b52950">Nous pouvons répondre à vos attentes dans des domaines aussi variés que :</p>



<ul style="font-size:22px" class="wp-block-list has-white-color has-text-color">
<li>Le démontage de palettes à dosseret</li>



<li>Le démontage de palettes grands formats</li>



<li>La récupération de vos palettes inutiles</li>



<li>La récupération de vos palettes cassées ou hors standard</li>
</ul>



<p class="animated bounceInDown has-nv-site-bg-color has-text-color">Avec notre véhicule et notre équipe de salariés en parcours, nous vous proposons d’évacuer toutes vos palettes.<br>Pour cela, contactez-nous afin de déclencher un enlèvement ou une prestation de service pour le démontage.</p>



<p class="animated bounceInDown has-nv-text-dark-bg-color has-text-color has-medium-font-size">Au travers de votre démarche, vous contribuerez ainsi à :</p>



<div id="wp-block-themeisle-blocks-advanced-columns-ad85d9b0" class="wp-block-themeisle-blocks-advanced-columns has-1-columns has-desktop-equal-layout has-tablet-equal-layout has-mobile-equal-layout has-vertical-unset has-dark-bg"><div class="wp-block-themeisle-blocks-advanced-columns-overlay"></div><div class="innerblocks-wrap">
<div id="wp-block-themeisle-blocks-advanced-column-6b77b43c" class="wp-block-themeisle-blocks-advanced-column">
<p id="wp-block-themeisle-blocks-advanced-heading-2f9de340" class="wp-block-themeisle-blocks-advanced-heading wp-block-themeisle-blocks-advanced-heading-2f9de340"><strong>  Maintenir l’emploi local<br>Réduire le volume de nos déchets produits<br>Soutenir l’économie circulaire <br>Fabriquer des palettes ou du mobilier en bois recyclé</strong></p>
</div>
</div></div>



<p></p>



<p><a href="https://boisdebout53.org/wp-content/uploads/2024/07/fiches-palettes.pdf" target="_blank" rel="noreferrer noopener"><strong>Téléchargez la fiche >>></strong></a></p>
</div>
</div></div>
