{"id":5703,"date":"2021-05-11T16:28:52","date_gmt":"2021-05-11T14:28:52","guid":{"rendered":"https:\/\/boisdebout53.org\/?page_id=5703"},"modified":"2021-05-12T09:59:11","modified_gmt":"2021-05-12T07:59:11","slug":"emploi","status":"publish","type":"page","link":"https:\/\/boisdebout53.org\/index.php\/emploi\/","title":{"rendered":"Emploi"},"content":{"rendered":"\n<div class=\"wp-block-cover alignfull has-background-dim-70 has-nv-dark-bg-background-color has-background-dim animated bounceInUp\" style=\"background-image:url(https:\/\/boisdebout53.org\/wp-content\/uploads\/2020\/12\/DSCN7870.jpg);min-height:400px;background-position:48% 31%;aspect-ratio:unset;\"><div class=\"wp-block-cover__inner-container is-layout-flow wp-block-cover-is-layout-flow\">\n<h2 class=\"has-text-align-center has-nv-text-dark-bg-color has-text-color wp-block-heading\" style=\"font-size:56px\">BOIS DEBOUT RECRUTE<\/h2>\n<\/div><\/div>\n\n\n\n<p>Bois Debout recrute r\u00e9guli\u00e8rement des postes pour le chantier d\u2019insertion (ACI) et l\u2019entreprise d\u2019insertion (EI).<br>Les postes \u00e0 pourvoir sont diffus\u00e9s sur le site internet ci-dessous :<br>Les emplois de l&#8217;inclusion: <a href=\"https:\/\/emplois.inclusion.beta.gouv.fr\/\" target=\"_blank\" rel=\"noreferrer noopener\">emplois.inclusion.beta.gouv.fr<\/a><\/p>\n\n\n\n<div class=\"wp-block-columns is-layout-flex wp-container-core-columns-is-layout-1 wp-block-columns-is-layout-flex\">\n<div class=\"wp-block-column is-layout-flow wp-block-column-is-layout-flow\">\n<hr class=\"wp-block-separator has-text-color has-background has-neve-button-color-background-color has-neve-button-color-color is-style-default\"\/>\n\n\n\n<p>Vous pouvez soit postuler via un prescripteur (P\u00f4le Emploi, CAP Emploi, Mission Locale, PLIE, etc.) soit vous inscrire en tant que candidature spontan\u00e9e. Pour ce faire vous devez v\u00e9rifier votre \u00e9ligibilit\u00e9 pour obtenir un contrat \u00e0 dur\u00e9e d\u00e9termin\u00e9e d\u2019insertion et le PASS IAE.<\/p>\n\n\n\n<p>Vous devez avoir <strong>  <u>soit<\/u><\/strong> un crit\u00e8re de <strong>niveau 1,<\/strong> <strong><u>soit<\/u><\/strong> 3 crit\u00e8res de <strong>niveau 2<\/strong>.<\/p>\n<\/div>\n<\/div>\n\n\n\n<div class=\"wp-block-themeisle-blocks-advanced-columns alignfull has-2-columns has-desktop-oneTwo-layout has-tablet-equal-layout has-mobile-collapsedRows-layout has-default-gap has-vertical-unset animated fadeIn\" id=\"wp-block-themeisle-blocks-advanced-columns-6af79a1d\"><div class=\"wp-block-themeisle-blocks-advanced-columns-overlay\"><\/div><div class=\"innerblocks-wrap\">\n<div class=\"wp-block-themeisle-blocks-advanced-column\" id=\"wp-block-themeisle-blocks-advanced-column-212c8ae2\"><\/div>\n\n\n\n<div class=\"wp-block-themeisle-blocks-advanced-column\" id=\"wp-block-themeisle-blocks-advanced-column-e6b97453\">\n<h2 class=\"has-white-color has-text-color wp-block-heading\">Crit\u00e8res administratifs de niveau 1<\/h2>\n\n\n\n<div style=\"height:20px\" aria-hidden=\"true\" class=\"wp-block-spacer\"><\/div>\n\n\n\n<p class=\"has-nv-text-dark-bg-color has-text-color\">\u2022 B\u00e9n\u00e9ficiaire RSA (socle) : sur attestation RSA<br>\u2022 Allocataire ASS : sur attestation ASS<br>\u2022 Allocataire AAH : sur attestation AAH<br>\u2022 DETLD (+ 24 mois de ch\u00f4mage) : sur attestation P\u00f4le emploi<\/p>\n\n\n\n<p><\/p>\n\n\n\n<p><\/p>\n<\/div>\n<\/div><\/div>\n\n\n\n<div class=\"wp-block-themeisle-blocks-advanced-columns alignfull has-2-columns has-desktop-oneTwo-layout has-tablet-equal-layout has-mobile-collapsedRows-layout has-default-gap has-vertical-unset animated fadeIn\" id=\"wp-block-themeisle-blocks-advanced-columns-81d1ccd3\"><div class=\"wp-block-themeisle-blocks-advanced-columns-overlay\"><\/div><div class=\"innerblocks-wrap\">\n<div class=\"wp-block-themeisle-blocks-advanced-column\" id=\"wp-block-themeisle-blocks-advanced-column-506d2a84\"><\/div>\n\n\n\n<div class=\"wp-block-themeisle-blocks-advanced-column\" id=\"wp-block-themeisle-blocks-advanced-column-76bd914d\">\n<h2 class=\"has-white-color has-text-color wp-block-heading\">Crit\u00e8res administratifs de niveau 2<\/h2>\n\n\n\n<p class=\"has-nv-text-dark-bg-color has-text-color\">\u2022 Niveau d&#8217;\u00e9tude 3 (CAP, BEP) ou infra : sur justificatif dipl\u00f4me ou attestation sur l&#8217;honneur<br>\u2022 Senior (+ 50 ans) : sur pi\u00e8ce d&#8217;identit\u00e9<br>\u2022 Jeunes (- 26 ans) : sur pi\u00e8ce d&#8217;identit\u00e9<br>\u2022 Sortant de l&#8217;ASE : sur attestation ASE<br>\u2022 DELD (12-24 mois de ch\u00f4mage) : sur attestation P\u00f4le emploi<br>\u2022 Travailleur en situation de handicap : sur attestation reconnaissance qualit\u00e9 TSH<br>\u2022 Parent isol\u00e9 : sur attestation CAF<br>\u2022 Personne sans h\u00e9bergement \/ h\u00e9berg\u00e9e \/ ayant un parcours de rue : attestation sur l&#8217;honneur<br>\u2022 Personne r\u00e9cemment arriv\u00e9e en France : contrat d&#8217;int\u00e9gration r\u00e9publicaine de &#8211; 24 mois<br>\u2022 R\u00e9sident en ZRR : sur justificatif de domicile<br>\u2022 R\u00e9sident QPV : sur justificatif de domicile<\/p>\n\n\n\n<p><\/p>\n\n\n\n<p><\/p>\n<\/div>\n<\/div><\/div>\n\n\n\n<h1 class=\"has-text-align-center has-nv-text-dark-bg-color has-text-color wp-block-heading\"><span class=\"has-inline-color has-neve-link-hover-color-color\">Postes \u00e0 Bois Debout<\/span><\/h1>\n\n\n\n<p><strong><a href=\"https:\/\/boisdebout53.org\/index.php\/2021\/05\/11\/operateur-polyvalent-h-f\/\">Op\u00e9rateur Polyvalent (H\/F)<\/a><\/strong><br><strong><a href=\"https:\/\/boisdebout53.org\/index.php\/2021\/05\/11\/menuisier-polyvalent-h-f\/\">Menuisier Polyvalent (H\/F)<\/a><\/strong><\/p>\n\n\n\n<div class=\"wp-block-media-text alignfull is-stacked-on-mobile\"><figure class=\"wp-block-media-text__media\"><img loading=\"lazy\" decoding=\"async\" width=\"1024\" height=\"768\" src=\"https:\/\/boisdebout53.org\/wp-content\/uploads\/2020\/12\/DSC00080-1024x768-1.jpg\" alt=\"\" class=\"wp-image-5477\" srcset=\"https:\/\/boisdebout53.org\/wp-content\/uploads\/2020\/12\/DSC00080-1024x768-1.jpg 1024w, https:\/\/boisdebout53.org\/wp-content\/uploads\/2020\/12\/DSC00080-1024x768-1-300x225.jpg 300w, https:\/\/boisdebout53.org\/wp-content\/uploads\/2020\/12\/DSC00080-1024x768-1-768x576.jpg 768w, https:\/\/boisdebout53.org\/wp-content\/uploads\/2020\/12\/DSC00080-1024x768-1-600x450.jpg 600w\" sizes=\"(max-width: 1024px) 100vw, 1024px\" \/><\/figure><div class=\"wp-block-media-text__content\">\n<h3 class=\"has-text-align-left wp-block-heading\">NOUS CONTACTER<\/h3>\n\n\n\n<p>Aide Accueil Amiti\u00e9 Bois Debout<br>Impasse de Londres &#8211; 53000 Laval<br>T\u00e9l. : 02 43 49 05 26<br>E-mail :contact@boisdebout53.fr<\/p>\n\n\n\n<h3 class=\"has-text-align-left wp-block-heading\">HORAIRES D&#8217;OUVERTURE<\/h3>\n\n\n\n<p>du lundi au Vendredi<br>De 8h30 \u00e0 17h00<\/p>\n<\/div><\/div>\n\n\n\n<p><\/p>\n","protected":false},"excerpt":{"rendered":"<p>Bois Debout recrute r\u00e9guli\u00e8rement des postes pour le chantier d\u2019insertion (ACI) et l\u2019entreprise d\u2019insertion (EI).Les postes \u00e0 pourvoir sont diffus\u00e9s sur le site internet ci-dessous :Les emplois de l&#8217;inclusion: emplois.inclusion.beta.gouv.fr Vous pouvez soit postuler via un prescripteur (P\u00f4le Emploi, CAP Emploi, Mission Locale, PLIE, etc.) soit vous inscrire en tant que candidature spontan\u00e9e. Pour ce&hellip;&nbsp;<a href=\"https:\/\/boisdebout53.org\/index.php\/emploi\/\" class=\"\" rel=\"bookmark\">Lire la suite &raquo;<span class=\"screen-reader-text\">Emploi<\/span><\/a><\/p>\n","protected":false},"author":2,"featured_media":0,"parent":0,"menu_order":0,"comment_status":"closed","ping_status":"closed","template":"","meta":{"neve_meta_sidebar":"full-width","neve_meta_container":"contained","neve_meta_enable_content_width":"","neve_meta_content_width":0,"neve_meta_title_alignment":"center","neve_meta_author_avatar":"","neve_post_elements_order":"","neve_meta_disable_header":"","neve_meta_disable_footer":"","neve_meta_disable_title":"","_themeisle_gutenberg_block_has_review":false,"footnotes":""},"class_list":["post-5703","page","type-page","status-publish","hentry"],"_links":{"self":[{"href":"https:\/\/boisdebout53.org\/index.php\/wp-json\/wp\/v2\/pages\/5703"}],"collection":[{"href":"https:\/\/boisdebout53.org\/index.php\/wp-json\/wp\/v2\/pages"}],"about":[{"href":"https:\/\/boisdebout53.org\/index.php\/wp-json\/wp\/v2\/types\/page"}],"author":[{"embeddable":true,"href":"https:\/\/boisdebout53.org\/index.php\/wp-json\/wp\/v2\/users\/2"}],"replies":[{"embeddable":true,"href":"https:\/\/boisdebout53.org\/index.php\/wp-json\/wp\/v2\/comments?post=5703"}],"version-history":[{"count":0,"href":"https:\/\/boisdebout53.org\/index.php\/wp-json\/wp\/v2\/pages\/5703\/revisions"}],"wp:attachment":[{"href":"https:\/\/boisdebout53.org\/index.php\/wp-json\/wp\/v2\/media?parent=5703"}],"curies":[{"name":"wp","href":"https:\/\/api.w.org\/{rel}","templated":true}]}}